culate the highest common divisor of v and 3.
3
Let a = 3020 + -2324. Calculate the highest common factor of a and 384.
24
Let a(d) = -13*d**3 - 3*d**2 + 4*d + 3. Let u be a(-3). Suppose -13363 = -898*q + 107. Calculate the greatest common divisor of u and q.
15
Let h be (-14402)/(-13) + 0 - 648/(-4212). What is the greatest common divisor of 2 and h?
2
Let n(t) = t**3 - 12*t**2 - 28*t + 10. Let k be 15 - ((-6)/(-24))/(1/4). Let r be n(k). What is the greatest common divisor of 130 and r?
10
Let s be 2/(2/(-3)*3)*-265. Suppose -4*v + 415 = -s. Calculate the highest common factor of 10 and v.
10
Suppose 0 = 2*x + 4*p - 20, 5*p - 25 = -x + 6*p. Calculate the highest common divisor of 11860 and x.
20
Suppose -519 = 8*x - 15. Let z = -14 + x. Let s = z - -81. What is the highest common factor of 12 and s?
4
Suppose -d + 0*d + 26 = -2*v, 4*v + 20 = 0. Suppose 9*p = 102 - 93. Calculate the greatest common factor of d and p.
1
Suppose -1 = 3*m - 4*m, 0 = 2*w - 2*m - 388. Let g = -232 - -719. Suppose 10*f - 293 = g. Calculate the greatest common factor of f and w.
39
Let a(h) = 25*h - 39. Let o be a(7). Calculate the greatest common factor of 10744 and o.
136
Suppose 122*t + 256 = 126*t. Suppose -4*z = -2*a - 112, -z + t - 38 = -a. What is the highest common factor of 15 and z?
15
Let b = 1286 - 1246. Calculate the highest common divisor of b and 1220.
20
Let o = -476 - -504. Suppose -p - 335 = -3*m, -2*m - p + 211 + 14 = 0. What is the greatest common divisor of m and o?
28
Let r(z) = 11*z**2 - 5*z + 14. Suppose -6 = 2*d, 3*n - 16 + 4 = 2*d. Let h be r(n). What is the highest common divisor of h and 384?
48
Let z(d) be the first derivative of d**2/2 - 6. Let w be z(2). Suppose w*f - 99 = 21. Calculate the highest common factor of f and 36.
12
Let h be 59*3 + 1053/(-117)*1/(-3). Calculate the greatest common factor of 1110 and h.
30
Let u(c) = c**3 - 19*c**2 - 10*c - 188. Let p be u(20). What is the greatest common factor of 596 and p?
4
Let t = 217 + -212. Let b be t + 1*(-3 + 86). What is the greatest common divisor of b and 11?
11
Suppose -93*k + 335120 + 1306353 = -204763. Calculate the greatest common divisor of 28 and k.
28
Suppose 0*d - 4*g + 69 = d, -g - 49 = -d. Suppose -l - 4 = 0, 3*l = 3*p - d - 61. Suppose 0 = -34*u + 31*u + 6. Calculate the greatest common factor of p and u.
2
Let r(b) = 190*b**2 + 17*b + 23. Let v be r(-3). What is the greatest common factor of v and 58?
58
Suppose 880 = j - 5*c, -5*j - 12*c + 4285 = -14*c. What is the greatest common factor of 120 and j?
15
Suppose u = -3*y - 3, 4*u - 3*y - 59 = -11. Let k(q) = q**2 + 18 - 3 - 8 - u*q - 13. Let s be k(10). What is the highest common divisor of s and 36?
4
Let f be (2*(-1 + 3))/(-12 - -16). Let o(r) = 19*r**3 + r**2 - 6*r + 5. Let v be o(f). Calculate the greatest common factor of 19 and v.
19
Let m = 546 + -506. Suppose -k + 4*x = -5, 2*k = 5*k + 4*x + 17. Let t = 7 + k. Calculate the highest common divisor of m and t.
4
Let r = 79 + -23. Suppose 178*a = 1347 + 110 - 33. Calculate the highest common factor of a and r.
8
Suppose 5*r = -3*m + 90, 2*r = -4*m + 9*m + 5. Let q(p) = -3*p**2 + 35*p + 4. Let t be q(r). Let d = 431 + t. What is the highest common factor of d and 15?
15
Suppose 0 = 3*n - 4*a - 240, 333 = 4*n - 4*a + 3*a. Let w = 153 + -57. What is the greatest common divisor of n and w?
12
Let y = -4867 + 4931. What is the highest common divisor of 640 and y?
64
Let j(v) = v**3 + 27*v**2 + v + 23. Let c be j(-27). Let s(i) = 7*i + 44. Let n be s(c). Calculate the highest common divisor of 112 and n.
16
Let g(o) = -27*o - 15. Suppose 0 = 4*x + 7*x - 33. Let c be -8 + 9 + x*-2. Let b be g(c). What is the greatest common factor of b and 40?
40
Suppose s - 18 = -s. Let i = 129 - 131. Let r be ((-42)/12)/(1/i) - 4. Calculate the greatest common factor of s and r.
3
Let o be (249/(-2))/((-8830)/800 + 11). Calculate the highest common factor of 80 and o.
40
Suppose 0 = 8*m - 140773 + 137957. Calculate the highest common factor of m and 92.
4
Let l = 26856 + -26847. Calculate the highest common factor of l and 487.
1
Suppose -4*p - 480 = -9*p. Let t be (-128)/96*(-43185)/160 + (-6)/(-48). What is the greatest common factor of t and p?
24
Let s = 10658 + -10175. Calculate the highest common factor of s and 147.
21
Let w(i) = 12*i + 9. Suppose 4*n - 7 = 5. Let q be w(n). Let u(a) = 9*a**3. Let d be u(1). Calculate the highest common factor of q and d.
9
Suppose 8 + 2 = d. Suppose 4*b - 56 = -d*b. Calculate the greatest common divisor of 22 and b.
2
Let j = -6068 - -6076. What is the greatest common factor of j and 1104?
8
Let k be 4/((-3)/(-6) - (-33)/(-78)). Suppose 2*p - 8*p + 24 = 0. Calculate the greatest common factor of k and p.
4
Let t = 43 + -33. Suppose -6*g + t*g - 5*w - 46 = 0, -3*g = 2*w - 46. What is the highest common factor of g and 49?
7
Let u be ((-18)/(-15))/((-2)/(-20)). Suppose 64*n + 238 = 71*n. Suppose -38 - n = -24*z. What is the greatest common divisor of z and u?
3
Let k(f) = 2207*f - 500. Let z be k(5). What is the greatest common factor of z and 35?
35
Suppose -2*y - 4*f + 1054 = 0, -78*f - 12 = -76*f. What is the highest common factor of 275 and y?
11
Suppose -3*h - 15 = 0, 0 = -414*n + 418*n - 6*h - 1854. What is the greatest common factor of 1938 and n?
114
Suppose -4137*j + 4148*j - 2266 = 0. Calculate the greatest common factor of 5150 and j.
206
Let l = -61 - -61. Let w be 1/(-2)*1*l. Suppose w = -34*q + 29*q + 230. What is the greatest common factor of q and 184?
46
Let s(l) = 1777*l**2 + 103*l - 105. Let k be s(1). Calculate the greatest common factor of k and 250.
25
Let o be (-6472)/(-108) - 20/(-270). Calculate the greatest common divisor of 25260 and o.
60
Suppose 0*l = l - 5*v - 64, l = 4*v + 63. Let s(d) = 38*d**2 - l + 14*d - 20*d**2 - 17*d**2. Let q be s(-26). What is the highest common divisor of q and 23?
23
Let q be 833/21*(-6012)/(-42). Calculate the highest common factor of q and 1503.
167
Let k(q) = -21*q + 81. Let y be k(-8). Let x be y/18 - ((-51)/(-18))/(-17). Calculate the highest common factor of x and 77.
7
Let i be ((-6)/9 - (-35)/63) + 80156/18. Calculate the greatest common divisor of i and 61.
61
Let s be (-1)/2*-52 + -1. Let f be 25/((-275)/(-66)) + 419. Calculate the highest common divisor of f and s.
25
Suppose 0*t + t - 5*u = 12649, 0 = 4*u - 16. What is the highest common divisor of t and 123?
123
Let o = 16237 - 14547. Calculate the highest common divisor of o and 104.
26
Let v(w) = -w**2 - 13*w + 13. Let r be v(-13). Suppose 63 = -r*s + 20*s. What is the highest common divisor of 36 and s?
9
Let a(h) = 30*h**2 - 28*h. Let b be a(3). Let r = 212 - b. Calculate the highest common factor of r and 598.
26
Let k(l) = -l + 21. Let p be k(5). Let w be (-1)/(4/p*-1). Suppose 12 = -w*x, 27 = 5*t - 3*t + x. Calculate the greatest common factor of t and 105.
15
Suppose 9*c = 4*d + 4*c + 128, 2*c + 127 = -5*d. Let t = d + 39. Suppose -3*i + 19 + 41 = 0. What is the greatest common divisor of i and t?
4
Let v(d) = -3*d**2 - 107*d + 562. Let r be v(-38). Let s be (-37)/(-2)*2*1. What is the highest common divisor of r and s?
37
Let h be 9*15 - (-7)/(28/8). Suppose -2*d + h = -d. Suppose 11*v - d - 358 = 0. What is the highest common divisor of 27 and v?
9
Suppose -z + 0 = -4*s - 4, 34*s - 30*s = 4. Let f(h) = 4*h**2 + 8*h - 8. Let t be f(6). What is the greatest common divisor of t and z?
8
Suppose 19*d - 12*d = 861. Let j = d - 25. Let y = j + -88. Calculate the greatest common factor of 50 and y.
10
Suppose 428*m = 412*m + 21888. What is the greatest common divisor of m and 152?
152
Suppose 3*k = -0*d - 4*d + 182, 2*k + d = 118. Suppose -s - 14 = n - k, -132 = -3*s - 4*n. Calculate the highest common factor of 11 and s.
11
Let b = -96 + 97. Suppose 0 = r + b - 49. What is the greatest common divisor of r and 12?
12
Let m(h) = -3*h + 135. Let o be m(-5). What is the highest common divisor of o and 110?
10
Let j(i) = -i + 4. Let y be j(0). Suppose y*a - 5*a + 15 = 0. Suppose 3*f - 22 - a = -s, -5*f = -4*s - 73. Calculate the greatest common factor of f and 52.
13
Let a = 199 + -23. Let p = -164 + a. What is the highest common factor of 132 and p?
12
Let u(d) = d**2 + 4*d - 1. Let q be u(-5). Let g be (q/(-7))/((-5)/3